base 9?
-608
What is 21214 (base 8) in base 10?
8844
1027 (base 9) to base 10
754
Convert 493 (base 10) to base 5.
3433
What is -2474 (base 14) in base 15?
-1d4e
11a (base 16) to base 10
282
10074 (base 11) to base 6
152054
What is -201211 (base 4) in base 11?
-1684
425 (base 13) to base 7
2030
Convert -62022 (base 7) to base 9.
-22646
Convert -410 (base 5) to base 10.
-105
Convert -9799 (base 12) to base 13.
-778b
-2bc (base 14) to base 12
-3a6
-111000010 (base 2) to base 12
-316
What is -1044343 (base 5) in base 6?
-222403
What is -224502 (base 6) in base 5?
-1103230
What is 11010110010001 (base 2) in base 3?
200210220
Convert 222411 (base 8) to base 15.
17362
Convert 693 (base 10) to base 16.
2b5
140231 (base 6) to base 16
32fb
What is -11355 (base 10) in base 2?
-10110001011011
2743 (base 15) to base 6
102500
What is 9736 (base 11) in base 2?
11001001000001
-7c13 (base 13) to base 16
-440f
What is 219 (base 13) in base 10?
360
Convert -10a6a (base 11) to base 2.
-11111000110111
-142221 (base 5) to base 12
-3528
What is 37a9 (base 11) in base 7?
20313
f5c (base 16) to base 7
14315
10 (base 2) to base 15
2
Convert 96a4 (base 12) to base 2.
100000010011100
13302 (base 4) to base 3
200110
-221202211 (base 3) to base 11
-1312a
Convert 22200 (base 3) to base 4.
3222
What is -2214 (base 5) in base 4?
-10311
-111111001000 (base 2) to base 10
-4040
111101010111010 (base 2) to base 16
7aba
Convert 15183 (base 9) to base 6.
115550
-250 (base 11) to base 6
-1213
What is -22 (base 15) in base 16?
-20
What is -149 (base 16) in base 11?
-27a
Convert 23032 (base 6) to base 9.
4422
Convert 5c (base 16) to base 14.
68
Convert -7d (base 15) to base 14.
-86
What is 14b (base 16) in base 8?
513
Convert 1137d (base 15) to base 9.
83141
-a25 (base 11) to base 4
-103111
What is -399 (base 10) in base 7?
-1110
16513 (base 8) to base 13
354b
What is 3e9c (base 16) in base 6?
202112
10001011101010100 (base 2) to base 8
213524
Convert 3804 (base 13) to base 4.
1330023
-390 (base 14) to base 6
-3150
Convert -123 (base 4) to base 16.
-1b
Convert 32530 (base 7) to base 8.
17733
Convert 782 (base 9) to base 2.
1010000001
Convert -3744 (base 12) to base 4.
-1201210
Convert 89974 (base 10) to base 8.
257566
Convert -230332 (base 4) to base 5.
-43003
484 (base 11) to base 12
400
Convert 15e (base 16) to base 6.
1342
Convert -3351 (base 7) to base 16.
-4bc
Convert 1530 (base 10) to base 12.
a76
Convert -656 (base 16) to base 4.
-121112
2260 (base 11) to base 14
1122
What is -1101201022 (base 3) in base 15?
-822e
Convert -3042 (base 6) to base 14.
-362
1267 (base 9) to base 14
4c0
What is 23124 (base 7) in base 16?
170a
Convert -3735 (base 9) to base 16.
-ae2
Convert -486 (base 13) to base 4.
-30102
Convert 537 (base 10) to base 11.
449
-41252 (base 7) to base 8
-23542
Convert -111d (base 14) to base 10.
-2967
What is 291 (base 10) in base 16?
123
-660b (base 15) to base 2
-101010001101011
225b (base 15) to base 5
213121
-203565 (base 7) to base 13
-12b94
Convert 1959 (base 10) to base 13.
b79
Convert 566 (base 8) to base 4.
11312
Convert 10011 (base 8) to base 4.
1000021
705 (base 12) to base 5
13023
What is -37 (base 11) in base 13?
-31
What is -48651 (base 9) in base 4?
-13331200
Convert -253 (base 14) to base 15.
-210
1100011000 (base 2) to base 15
37c
What is -20102022 (base 3) in base 5?
-122204
-11101 (base 4) to base 2
-101010001
What is -11000021 (base 3) in base 14?
-10cb
-312113 (base 5) to base 16
-282b
1003 (base 9) to base 2
1011011100
What is 55 (base 9) in base 16?
32
What is -1101111001 (base 2) in base 8?
-1571
What is -1131 (base 6) in base 15?
-131
6f60 (base 16) to base 3
1110010000
Convert 2222211 (base 3) to base 11.
1704
Convert -24321 (base 11) to base 12.
-18300
Convert -223310 (base 5) to base 7.
-32123
Convert -7ca (base 14) to base 4.
-120032
Convert -7567 (base 13) to base 14.
-5d2d
Convert -1233310 (base 4) to base 13.
-3346
What is 5435 (base 8) in base 7?
11203
What is -1220210000 (base 3) in base 5?
-2201441
What is -211322 (base 4) in base 13?
-1148
Convert 3b7 (base 16) to base 10.
951
What is -29551 (base 10) in base 4?
-13031233
-43331 (base 5) to base 2
-101110010110
Convert -2303011 (base 4) to base 5.
-331321
-441 (base 13) to base 5
-10404
Convert -650 (base 8) to base 15.
-1d4
Convert 222335 (base 6) to base 11.
13067
Convert -30e8 (base 16) to base 6.
-133544
What is -ba8 (base 15) in base 7?
-10451
-33456 (base 8) to base 7
-56120
Convert 1ac9 (base 14) to base 12.
29a9
153ab (base 16) to base 9
142246
Convert -4771 (base 13) to base 6.
-114331
What is -2cc (base 13) in base 2?
-111111010
-a7cd (base 15) to base 4
-20222332
Convert 36265 (base 7) to base 4.
2102332
-10020303 (base 4) to base 2
-100001000110011
What is -1110110000100 (base 2) in base 15?
-238b
Convert -15362 (base 11) to base 13.
-9b74
Convert 220233 (base 4) to base 5.
40412
1412 (base 11) to base 16
724
126166 (base 7) to base 10
23764
-8930 (base 11) to base 10
-11770
-873 (base 15) to base 10
-1908
-64550 (base 7) to base 6
-202202
Convert 123 (base 13) to base 11.
170
Convert -2162 (base 10) to base 9.
-2862
11000000111000 (base 2) to base 16
3038
-1101101111100111 (base 2) to base 10
-56295
Convert -799 (base 14) to base 11.
-1150
What is -32244 (base 5) in base 4?
-202113
-2cc (base 14) to base 3
-210012
1253333 (base 6) to base 16
10f59
What is -45015 (base 6) in base 10?
-6275
Convert 1101010100011 (base 2) to base 3.
100100120
What is -223a (base 14) in base 7?
-23203
Convert 201211 (base 4) to base 2.
100001100101
aba (base 14) to base 3
2220200
Convert 2001123 (base 4) to base 3.
102100210
25a (base 11) to base 16
133
Convert -10001002201 (base 3) to base 15.
-12b01
-5020 (base 9) to base 4
-321033
What is -3741 (base 8) in base 9?
-2681
-1442 (base 5) to base 15
-117
-111212 (base 3) to base 14
-1ca
What is 15092 (base 10) in base 12?
8898
Convert -2031430 (base 5) to base 10.
-33365
Convert -89 (base 10) to base 5.
-324
Convert -25c (base 16) to base 7.
-1522
What is -14ab (base 12) in base 5?
-34220
Convert -302013 (base 4) to base 13.
-15c9
Convert -1c (base 14) to base 2.
-11010
What is 110120 (base 3) in base 14?
1a3
What is 318 (base 16) in base 8?
1430
Convert 203 (base 14) to base 4.
12023
What is -11ed4 (base 15) in base 6?
-1121301
Convert 7bbb (base 13) to base 12.
a094
1010111 (base 3) to base 2
1100110111
What is -41 (base 15) in base 13?
-49
What is 3192 (base 11) in base 2?
1000001110111
Convert -851 (base 9) to base 6.
-3114
Convert 12020 (base 3) to base 15.
96
Convert -866 (base 14) to base 8.
-3172
-310 (base 7) to base 15
-a4
-7854 (base 12) to base 5
-411222
Convert 848 (base 10) to base 15.
3b8
Convert -38553 (base 10) to base 12.
-1a389
Convert -3364 (base 7) to base 12.
-85a
What is -151a (base 11) in base 3?
-2200111
What is -58 (base 16) in base 5?
-323
Convert 410 (base 6) to base 13.
b7
What is 36d6 (base 15) in base 11?
8855
-c346 (base 13) to base 11
-19261
What is -1b02 (base 15) in base 16?
-16dc
What is 362 (base 13) in base 8?
1113
What is -15521 (base 10) in base 13?
-70ac
What is 3571 (base 15) in base 16?
2c5c
2470 (base 9) to base 2
11100110101
Convert 613 (base 11) to base 12.
518
What is e54 (base 16) in base 3?
12000212
5253 (base 7) to base 4
130323
Convert -f0b (base 16) to base 9.
-5248
What is -32032 (base 4) in base 16?
-38e
What is 54133 (base 6) in base 3?
101011010
What is -3762 (base 14) in base 3?
-111021220
What is -a8a (base 14) in base 9?
-2763
Convert 436 (base 14) to base 10.
832
What is -6041 (base 10) in base 15?
-1bcb
What is -477 (base 10) in base 15?
-21c
Convert -2553 (base 6) to base 7.
-1611
3133141 (base 5) to base 3
2122201220
Convert -402 (base 10) to base 13.
-24c
Convert 27607 (base 10) to base 2.
110101111010111
-1112302 (base 4) to base 2
-1010110110010
Convert -9d0 (base 15) to base 13.
-101a
What is 22b9 (base 12) in base 9?
5286
Convert -234240 (base 6) to base 11.
-14366
Convert 681 (base 9) to base 4.
20233
-26b5 (base 13) to base 4
-1112310
-112 (base 14) to base 10
-212
What is -25454 (base 6) in base 12?
-228a
240 (base 11) to base 10
286
Convert -93 (base 13) to base 8.
-170
2252 (base 7) to base 12
585
What is 3302210 (base 4) in base 8?
36244
Convert 2bd (base 14) to 